z)?
8
Suppose -5 = -3*g - a - 1, -3*g + 2 = 2*a. Let l(h) = -2 + 5*h**g - 6*h**2 + 5. Give l(3).
-6
Let c(s) = 22*s - 18*s + 3 + 10. Calculate c(-9).
-23
Let v(t) = t**2 + 4*t. Suppose -4*d = -7*d - 2*f - 12, -2*f = 2*d + 10. Determine v(d).
-4
Let x(r) = 8*r - 2*r - 3 + 10 + r - r**2. Let j(f) = -f**2 + 8*f + 8. Let q(a) = 3*j(a) - 4*x(a). Let i = 1 + 3. What is q(i)?
-4
Let a(g) be the third derivative of 3*g**6/40 + g**5/60 + 1708*g**2. Let s(u) = -u**3 - 1. Let r be s(0). What is a(r)?
-8
Let h(m) be the first derivative of m**2/2 - 12*m - 2986. Let l be ((-2)/2)/(2/(-18)). Determine h(l).
-3
Let u = 25 + -18. Suppose t - u - 43 = 0. Let s(y) = t - y - 50. Determine s(1).
-1
Let i(w) = 4*w**3 + 3*w**2 - 15*w + 8. Let v(z) = -3*z**3 - 3*z**2 + 13*z - 7. Let d(b) = -5*i(b) - 6*v(b). Calculate d(2).
-8
Let d(w) be the third derivative of w**5/60 + w**4/6 - w**3/2 + 70*w**2 + 2. Calculate d(-3).
-6
Let t(b) = b**3 + b**2 + 2*b + 1. Let j = -31 - -33. Suppose 0 = 2*y - d - j, 0 = 4*y + 5*d + 9 + 15. Calculate t(y).
-1
Let f = -375 - -371. Let x(y) = -y**3 - 3*y**2 + y + 1. What is x(f)?
13
Suppose -4*z + 14 = -2. Suppose 2*o + 2*o - 3*g = 33, -12 = -z*o - 4*g. Suppose -3*w = -w - o. Let p(n) = n**2 - 3. Calculate p(w).
6
Let z be ((-72)/15)/(-8) + 24/10. Let r(w) = w - 8. What is r(z)?
-5
Let t(s) = s + 7. Suppose 49 = -4*j - 3*v, j + 16 = -0*j - 2*v. Give t(j).
-3
Let x be (-2 - -8)*(1 + -2). Let j(l) = -3*l**3 + 12*l**2 - 3*l. Let h(s) = -4*s**3 + 18*s**2 - 5*s - 1. Let d(o) = -5*h(o) + 7*j(o). Give d(x).
-19
Let q be 1088/(-40)*10/(-4). Let o = q - 65. Let u(d) = -d**3 - 2*d + 2. Determine u(o).
-31
Let b(u) be the first derivative of -u**3/3 + 13*u**2/2 - 18*u + 17. Suppose 0 = -5*m - 3*c + 66, -5*c + 70 = 5*m - 0*c. Calculate b(m).
-6
Let h(o) = -21*o**2 + o. Let q(l) = 17*l + 101. Let s be q(-6). What is h(s)?
-22
Let j(p) = 3*p - 2. Let v be -8 - -4 - 18/(-2). Suppose -5*g + 3*w = -0*w + v, -15 = -3*w. Give j(g).
4
Let j be 0 - (-21)/(-14)*(-4 + 2). Let q(m) = 1 + 4*m**j - 13 - 3*m**3 + 7*m**2 - 8*m. Determine q(-8).
-12
Let w(q) be the first derivative of -1/3*q**3 + 7/2*q**2 - 30 + q. What is w(5)?
11
Let m be (-1)/6 + (-13)/(-78). Suppose m = -2*u - v - 4, 0*u - 5*u = -4*v + 10. Let g(h) = h**3 + 4*h**2 + h + 2. Determine g(u).
8
Let g(h) = h**3 - 4*h**2 - h - 3. Suppose 4*a = c, -12 = -2*c + 4*a - 8. Give g(c).
-7
Suppose 45 = -14*p - p. Let a(m) = -2*m + 3. What is a(p)?
9
Let q(p) = 9*p**2 - 30 + p + 0*p + 43 + p**3 + 0*p**3. Determine q(-9).
4
Let h(y) = -y**2 + 8*y - 14. Let b be h(5). Let p(w) = 14*w**2 - w + 1. Give p(b).
14
Let h(t) be the second derivative of -t**3/3 + 2*t**2 + 2*t. Let s(v) = -2 + 30*v - 68*v + 39*v. Let k(r) = 4*h(r) + 9*s(r). What is k(-4)?
-6
Let i(o) = 4*o**2 - 5. Let g(h) = -3*h**2 - h + 4. Let j be 1/4 + (-38)/(-8). Let d(a) = j*g(a) + 4*i(a). Suppose 7*u + 9 - 44 = 0. Calculate d(u).
0
Suppose 0 = 5*h + 5*n - 50, 5*h + 0*h - 44 = n. Suppose 0 = -3*u + 3*j + 8 - 2, 2*u + 3*j = h. Let p(o) = -7*o**u - 6*o**3 - 1 + 6*o**3 + 2*o**2. What is p(1)?
-6
Let i(p) be the third derivative of -7*p**5/30 + p**4/24 - p**3/6 + 2*p**2 + 67. Determine i(1).
-14
Let a(l) = -l**2 - 7*l - 4. Let w = 31 - 30. Let p(v) = -7*v + 1. Let c be p(w). Give a(c).
2
Let s(n) be the second derivative of 4*n**5/5 - n**3/6 - n**2/2 + n + 47. Calculate s(-1).
-16
Suppose 136 = -73*w + 90*w. Let x(r) = -r**3 + 8*r**2 + r + 6. Give x(w).
14
Let g(w) = 182*w - 4*w**2 + 0*w**2 - 5*w**2 - 182*w. What is g(1)?
-9
Let h(m) = m**3 - 5*m**2 + 4*m + 2. Let t(n) = 14*n - 94. Let z be t(7). Calculate h(z).
2
Let r(i) = -3*i**2 + 6*i + 1. Let o(h) = -h. Let b(u) = -5*o(u) - r(u). Let v be b(-1). Let y(m) = m + v*m + 0*m - 3 + m**2 + 0*m. Calculate y(-3).
-6
Let p be 4*(-15)/(-12) - 4. Let b(n) = 29*n - 55*n + 31*n. Give b(p).
5
Let j(t) = t**3 + 2*t**2 + 2*t + 2. Let c be 1 - 2 - (31 + -30). Determine j(c).
-2
Let a(f) be the third derivative of f**5/60 - f**4/6 + f**3/3 + 2*f**2. Let y be 0 - 0/1 - 11. Let h = -7 - y. Determine a(h).
2
Let k(h) be the third derivative of -h**4/8 + h**3/2 + 2*h**2 - 340*h. Let y = 15 + -11. Calculate k(y).
-9
Let f(a) be the second derivative of -18*a + 1/6*a**3 + 7*a**2 + 0. Give f(-8).
6
Let k(a) = a**3 + 5*a**2 + 4*a + 5. Let o be k(-4). Let d(c) = -84*c - 5*c**2 - 2 + 167*c - 78*c. Let z(b) = b**2 - 1. Let p(v) = d(v) + 4*z(v). What is p(o)?
-6
Let j(v) = 4*v**2 - 4*v**2 - v**2 + 4. Let f be (1/(-2))/(4 + (-175)/42). Give j(f).
-5
Let t(q) = -10*q - 1. Let z(d) = -d + 14. Let w be z(9). Suppose -3 = 2*y - w*y. What is t(y)?
-11
Let t be ((-3)/(-9))/(1/21). Let w be 0/(21/14*(1 + 1)). Let a(s) = 9*s**2 + 6*s + 4 + 0 + w - 10*s**2. Calculate a(t).
-3
Let w be (7/(-21))/(3/(-36)). Let v(a) = -a**3 + 4*a**2 + 2*a - 5. Let i be v(w). Let f(o) = -5*o - o**i + 2*o**3 + 5*o**2 - 11 + 3*o + 6. Calculate f(-5).
5
Let p(f) = -f + 12. Let o be 4 + -9 - -2*21. Let j = o - 30. Calculate p(j).
5
Let o(x) = -x**3 + 4*x**2 + 7*x - 4. Let u(a) = -10*a - 105. Let f be u(-11). What is o(f)?
6
Suppose 0*f + 2*f - 4*w - 12 = 0, -w - 10 = 3*f. Let j(k) be the third derivative of -1/30*k**5 + 2*k**2 - 1/8*k**4 + 0 + 0*k - 1/2*k**3. Give j(f).
-5
Let n(z) = -3*z**2 - 7*z + 13. Let d(m) = -2*m**2 - 2*m - 1. Let p(x) = d(x) - n(x). Determine p(-6).
-8
Let c(k) = -7*k - 6*k + 4711 - 4733 + 0*k**2 + k**2. Give c(15).
8
Let k(s) be the third derivative of -s**6/120 - s**5/6 - s**4/3 - 60*s**2. What is k(-9)?
-9
Let l(b) = -16*b**2 - 41*b - 20. Let s(w) = -3*w**2 - 8*w - 4. Let y(p) = -2*l(p) + 11*s(p). Let u be y(0). Let m(a) = -a**3 - 4*a**2 - 5*a - 5. Give m(u).
15
Let t(q) = -4*q + 7. Let m = -118 + 83. Let z be -3 + (m + 3)/(-4). Give t(z).
-13
Suppose -3 = g - 7. Suppose -1 = g*c - 5. Let h(n) = 4 - 548*n**2 - 8*n**3 - 4 - 543*n**2 + 1092*n**2. Calculate h(c).
-7
Let n(k) = -k**2 - 6*k - 3. Let a = -329 + 326. Determine n(a).
6
Let p(v) = -8*v**2 - 5*v + 5. Let l be ((-40)/(-100))/(2/10). Determine p(l).
-37
Suppose -1 = o, 0*f + 5*o + 5 = -3*f. Let n(g) = -41*g**2 + 7*g - 10. Let i(l) = 7*l**2 - l + 1. Let s(c) = -6*i(c) - n(c). Give s(f).
4
Suppose -5*r + 22 = g - 2*g, 4*g - 4*r + 40 = 0. Let n(x) = -x + 7. Give n(g).
14
Let h(x) = -62*x + 178. Let n be h(3). Let u(w) = -w - 10. What is u(n)?
-2
Let f(n) = -11*n - 5. Let p(w) = 10*w + 4. Let d = 64 + -59. Let c(r) = d*f(r) + 6*p(r). Calculate c(2).
9
Let h(g) be the first derivative of -14*g + 3*g**2 - 22 - 15 + 24*g - 11*g. Determine h(1).
5
Let z(g) = -11*g + 10. Let n(p) = 4*p - 3. Let l(t) = -17*n(t) - 6*z(t). Suppose 30*j - 33*j - 18 = 0. Give l(j).
3
Let p(x) = 0*x - x**2 + 3*x + 8118 - 8114. Let n = 3 + -1. Let y be 2/4*20/n. Determine p(y).
-6
Suppose 2*a - a = -8. Let d = a - -4. Let c(n) be the first derivative of -2*n**3/3 - 7*n**2/2 - 6*n - 1049. Determine c(d).
-10
Let v(n) = -n**3 - 10*n**2 - 7*n + 14. Suppose 4*p + 40*p = -396. What is v(p)?
-4
Suppose 3 + 9 = 3*t. Let v(k) = 2*k + 3*k + 9 - 2*k + 10 - 23. Determine v(t).
8
Let t(r) = -2*r - 13. Let v be t(-6). Let d(a) = 73*a + 13. Let x(k) = -4 - 3 - 23*k + 4 + 5*k. Let q(o) = -2*d(o) - 9*x(o). What is q(v)?
-15
Let m(h) = -h - 4. Let f = 1 - 6. Let c = f - 1. Let y be m(c). Let q(o) = -o**3 + 3*o**2 - 1. Give q(y).
3
Suppose 4*h + 4 = 4*z - 0*z, h = 1. Let m be 1 + (4 - 5) - z. Let p(q) be the second derivative of q**4/12 + 2*q**3/3 + q. Calculate p(m).
-4
Suppose 3*y = -5*g + 19, 4*g + 0*y - 20 = -4*y. Let p(n) = -4 + 2*n + n - 116*n**2 + 121*n**g - n**3. Calculate p(5).
11
Suppose 4*t - 12 = t, -5*t + 28 = 2*r. Suppose r*j + 0*u = -4*u + 16, u + 32 = 5*j. Let f(i) = -i**3 + 5*i**2 + 5*i + 4. Calculate f(j).
-2
Let p(q) = -q**2 + q - 7. Let f be (-980)/(-45) + (-4)/(-18). Suppose 0 = -f*d + 9*d + 9*d. Give p(d).
-7
Let g(v) = 10*v**2 + 59 - 2*v**3 - 7*v - 58 + 6*v. Calculate g(5).
-4
Let z(a) = -a**3 - 5*a**2 - 7. Suppose -1 = 4*g - 13. Let h be 3*(g - 42/9). Determine z(h).
-7
Let w(g) = g + 8. Let k be 43 - 10 - 2/(-2). Let m = 29 - k. Calculate w(m).
3
Let z(g) be the second derivative of -g**3 - 7*g**2/2 - 594*g. Determine z(-3).
11
Let p(l) = 2*l + 5. Let x(d) = 7*d + 22. Let c(v) = -4*p(v) + x(v). Determine c(4).
-2
Let c = 4 + 0. Let y(i) be the third derivative of i**6/360 - i**5/30 + i**4/24 + 11*i**